late the greatest common divisor of v and h.
6
Suppose -23 - 1 = -i. What is the greatest common factor of i and 36?
12
Let v be (-4)/14 + (-96)/(-42) - -106. Calculate the highest common factor of v and 72.
36
Let g(u) = -u**2 + 11*u - 6. Let j be g(7). Let r(z) = z**2 - 3. Let i be r(6). What is the greatest common divisor of i and j?
11
Let x(l) be the second derivative of -25*l**3/6 - 5*l**2/2 - 8*l. Let b be x(-6). What is the highest common factor of 58 and b?
29
Suppose 55 = 4*w + 11. Suppose -4*u = w - 31. Suppose 5*y + 2 = 12. Calculate the highest common factor of y and u.
1
Let j be -1 + 101/(1 + 0). Let t = 0 + j. Suppose 4*h + h = t. What is the highest common factor of h and 5?
5
Let n = 40 - 85. Let o = -27 - n. What is the highest common divisor of o and 126?
18
Let q be (30/8)/(2/8). Let c(v) = -v**2 - 4*v - 1. Let d be c(-4). Let w be 168 + d + 0 + -2. What is the highest common divisor of q and w?
15
Let y = 33 + -21. Calculate the highest common divisor of y and 4.
4
Let y(d) = 3*d**2 - 6*d + 1. Let v be y(4). Calculate the highest common divisor of 275 and v.
25
Suppose 6*y = 185 - 17. Calculate the highest common divisor of 84 and y.
28
Let u(a) be the first derivative of 3*a**2/2 - a - 2. Let c be u(7). Let y = 37 + -7. What is the highest common divisor of c and y?
10
Suppose 22*b - 19*b - 9 = 0. Calculate the highest common divisor of 21 and b.
3
Suppose 0 = 5*x + 14 - 4. Let i(z) = z**2 + z - 2. Let a be i(-2). Let n be a - (x + (-172)/2). Calculate the greatest common factor of n and 11.
11
Let a = 74 - 50. Let v(l) = -l**2 + 7*l - 2. Let s be v(5). What is the highest common divisor of s and a?
8
Suppose 210*w + 96 = 214*w. What is the highest common divisor of 192 and w?
24
Suppose -4*z = -2*z - 10, c + 18 = 5*z. Calculate the greatest common divisor of 63 and c.
7
Let j = -3380 + 5262. Suppose d = -2*p - 2*d + j, p - 5*d = 954. Suppose -5*m - 3*l = -p, 4*m - l = -3*l + 754. What is the highest common factor of 17 and m?
17
Suppose 5*j - 110 = 25. What is the greatest common factor of 6 and j?
3
Let w(l) = -16*l - 10. Let a be w(-4). What is the greatest common divisor of 135 and a?
27
Suppose -10 = -5*f + 2*q, -f + 2*f + 4*q = 24. Let x = 8 - 7. Calculate the highest common factor of f and x.
1
Let d = 56 - 39. Let h = d - -74. Let l = -2 + 15. Calculate the greatest common factor of l and h.
13
Let t(q) = 13*q**3 - q**2 + 1. Let j be t(1). What is the greatest common divisor of 65 and j?
13
Let t(m) = m + 11. Let a be t(-10). Let k be a*(-2 + 102)/2. Calculate the greatest common divisor of k and 10.
10
Suppose 3*f = -y + 158, 0*f + 229 = 4*f + 5*y. What is the highest common factor of 34 and f?
17
Let t be 2584/119 - 2/(-7). Calculate the greatest common factor of t and 11.
11
Let i(h) = 1. Let r(s) = s**3 + 4*s**2 - s + 1. Let g(o) = -3*i(o) + r(o). Let c be g(-4). What is the greatest common divisor of 4 and c?
2
Suppose -7*i + 6*i = -242. Calculate the greatest common divisor of 22 and i.
22
Let c = -6 - -9. Suppose f - 1 = -0*f. Calculate the highest common divisor of f and c.
1
Let v(f) = f + 8. Let p be v(-2). Calculate the greatest common factor of p and 30.
6
Suppose 5*g + 1 = -v - 5, 30 = v - 4*g. Suppose 0*b + 30 = b + 5*a, 5*b = 2*a + 69. Let x = 29 - b. What is the greatest common divisor of v and x?
14
Suppose 0 = -4*t + g + 67, -4*t + 66 = -0*t - 2*g. Suppose 0 = 5*u + 15, 2*k + 3*u - 59 = k. Calculate the highest common factor of t and k.
17
Let r be (-38)/3*3/(-2). Suppose 0 = -4*j + 3*j + r. Suppose 0 = 4*f - 2*h + 6*h + 12, -j = -3*f + 4*h. Calculate the highest common factor of f and 1.
1
Let x = 391 + -268. Calculate the greatest common factor of 82 and x.
41
Suppose -5*w + 9 = -1. Let x be 1/(1 + 13/(-14)). Calculate the highest common divisor of w and x.
2
Suppose -3*j - x = 4*x - 11, 3*x - 9 = -3*j. Let q be 13*j/(6/(-3)). Let w = q - -18. What is the greatest common divisor of 2 and w?
1
Suppose 0 = z - c - 15, z + 5 = 3*c + 2*c. Let h be (-2202)/(-10) - (-9)/(-45). Calculate the greatest common divisor of z and h.
20
Let y be (-1*3 - -2)*-30. Let z be (5/2 - 2)*-4. Let g(u) = -3*u**3 - 3*u**2 - 3*u - 3. Let a be g(z). Calculate the highest common factor of y and a.
15
Suppose 5*p = -5*m - 0*p + 35, -3*m + 31 = 5*p. What is the greatest common factor of 10 and m?
2
Let w(b) = -b**3 - 4*b**2 - 5*b - 6. Let r be w(-5). What is the greatest common divisor of 11 and r?
11
Let a = -51 - -147. What is the greatest common factor of a and 24?
24
Let o be ((-10)/(-5))/((-1)/(-2)). Suppose o*l - 10 = 5*r + 16, -16 = -5*l - 2*r. Calculate the highest common divisor of 6 and l.
2
Let b be (6/(-5))/(4/(-120)). Suppose -2*y = -0*y - 24. Calculate the highest common factor of b and y.
12
Suppose 3*p - 421 - 128 = -2*r, -4*p - 4*r = -728. Suppose b + 52 = p. Let x = b + -85. Calculate the highest common factor of x and 6.
6
Let l be 2/3*(-16 + 43). What is the greatest common factor of 2 and l?
2
Let o(h) = -6*h + 10. Let a be o(-10). Let l(c) = c**2 - 8*c - 5. Let z be l(11). What is the highest common divisor of z and a?
14
Let i be (-7)/28 + 98/8. Let c be 8/i - 22/(-3). What is the highest common divisor of c and 20?
4
Let q(m) = 3*m - 4. Let s be q(6). Let l(d) = -d + 6. Let a be l(8). Let g be a/(-5) - (-16)/10. What is the highest common divisor of s and g?
2
Suppose 4*r - r - 18 = 0. Suppose 0*k = 4*k, 5*v - 10 = k. Let n be v/(-5) + 544/10. What is the highest common divisor of n and r?
6
Let p(y) = 399*y + 1. Let m be p(1). Suppose 3*c - 2*t - m = 0, 0 = -0*c + 4*c - t - 530. What is the highest common factor of c and 12?
12
Let t = -6 - -6. Suppose t = -4*a + a + 63. Suppose -5 + a = 2*f. Calculate the highest common factor of f and 2.
2
Suppose 0*o - 5*o = 5*k - 15, 4 = -2*k - 4*o. What is the greatest common divisor of k and 12?
4
Let x = 58 + 12. Calculate the highest common divisor of 105 and x.
35
Let w be 5 + -3 + 2/1. What is the highest common divisor of w and 10?
2
Let h(y) = 2*y**3 + 9*y + 3. Let l be h(3). Calculate the greatest common factor of l and 48.
12
Let u = -12 + 16. What is the greatest common divisor of u and 2?
2
Suppose 86 + 2 = 8*a. Suppose -1 = -w, -3*j - j = -2*w - 394. Calculate the greatest common divisor of a and j.
11
Suppose 30 = -r - 2*z, -z + 120 = -4*r + z. Let g be (20/(-6))/(4/r). Suppose d = 6*d - 25. Calculate the highest common factor of d and g.
5
Let q = -9 - -21. What is the highest common factor of q and 72?
12
Suppose -p - 4*p = -3*d - 61, -d = -4*p + 53. Let u = 9 + p. Calculate the greatest common divisor of u and 115.
23
Suppose 7 = -5*v + 32, 0 = 2*q + 2*v - 8. Let x be q/(1 - 4/6). Let o be (3/(-9))/(x/63). What is the greatest common factor of o and 1?
1
Suppose 22 = 3*n - 4*o, n - o - 25 = -3*n. Calculate the greatest common divisor of 42 and n.
6
Suppose -4*i + 9*i = 80. Suppose -8 = -0*p - p. Suppose 0 = -4*v - p, 0 = k - 3*v + 5 - 43. What is the highest common divisor of k and i?
16
Suppose -5*k - 3*o + 40 = 0, -43 = -3*k - 0*o + 2*o. What is the highest common factor of 1 and k?
1
Suppose -2*q + 44 = 2*t, -t + 3*q = -5*t + 90. Suppose 0 = 3*d - 8*d + 300. What is the greatest common divisor of t and d?
12
Let s be ((-2)/5)/((-4)/20). Suppose -4*c = -s*m + 8 + 4, 0 = -2*m - c + 37. Calculate the highest common divisor of 80 and m.
16
Let f be -7*1*(-16)/4. Let y be (-2)/(-8) + 889/f. Calculate the highest common factor of 48 and y.
16
Suppose 3*j + 5*r = 38, 5*j + r = 2 + 32. Calculate the greatest common factor of j and 66.
6
Let j be 29 + (-6)/2 + -3. Calculate the greatest common divisor of j and 184.
23
Let y(p) = 2*p**2 + 22*p + 12. Let x be y(-11). Suppose 3*w - 2*n = -n + 12, -4*n = 4*w - 16. What is the highest common factor of w and x?
4
Let x = -15 - -23. Let b(w) = w + 2. Let c be b(x). What is the greatest common divisor of c and 10?
10
Let t(h) = 19*h + 4. Let c be t(-6). Let f = c + 254. Let g = 134 - 118. Calculate the highest common factor of g and f.
16
Let j(u) = -2 + 4*u - 3*u + 2*u - 7. Let h be j(6). Suppose -4*i = 12, -i = 2*y + 3*i. What is the highest common factor of y and h?
3
Suppose 0 = -13*i + 94 + 101. What is the greatest common factor of 6 and i?
3
Let j(n) = -n + 7*n + 2*n - 6*n. Let v be j(3). What i